{"id":406,"date":"2024-04-15T15:17:19","date_gmt":"2024-04-15T15:17:19","guid":{"rendered":"https:\/\/refur.verdgildi.is\/?page_id=406"},"modified":"2025-04-01T13:23:32","modified_gmt":"2025-04-01T13:23:32","slug":"gjaldskra","status":"publish","type":"page","link":"https:\/\/volva.geirdal.is\/?page_id=406","title":{"rendered":"Gjaldskr\u00e1"},"content":{"rendered":"\n<div class=\"wp-block-uagb-container uagb-block-7644e7bd alignfull uagb-is-root-container\"><div class=\"uagb-container-inner-blocks-wrap\">\n<div class=\"wp-block-uagb-advanced-heading uagb-block-91a347dc\"><h1 class=\"uagb-heading-text\">Gjaldskr\u00e1<\/h1><\/div>\n\n\n\n<div class=\"wp-block-uagb-buttons uagb-buttons__outer-wrap uagb-btn__default-btn uagb-btn-tablet__default-btn uagb-btn-mobile__default-btn uagb-block-f6f6bc93\"><div class=\"uagb-buttons__wrap uagb-buttons-layout-wrap \">\n<div class=\"wp-block-uagb-buttons-child uagb-buttons__outer-wrap uagb-block-b442cc05 wp-block-button\"><div class=\"uagb-button__wrapper\"><a class=\"uagb-buttons-repeater wp-block-button__link\" aria-label=\"\" href=\"https:\/\/volva.geirdal.is\/?page_id=12\" rel=\"nofollow noopener\" target=\"_self\" role=\"button\"><div class=\"uagb-button__link\">+354 555 4444 &#8211; PlanBee@fasteignamidlun.com\u200b &#8211; Laugavegur 59, 101 Rvk.<\/div><\/a><\/div><\/div>\n<\/div><\/div>\n<\/div><\/div>\n\n\n\n<div class=\"wp-block-uagb-container uagb-block-e216c6a7 alignfull uagb-is-root-container\"><div class=\"uagb-container-inner-blocks-wrap\">\n<div class=\"wp-block-uagb-container uagb-block-e0c60e5b alignfull uagb-is-root-container\"><div class=\"uagb-container-inner-blocks-wrap\">\n<div class=\"wp-block-uagb-info-box uagb-block-d2611380 uagb-infobox__content-wrap  uagb-infobox-icon-above-title uagb-infobox-image-valign-top\"><div class=\"uagb-ifb-content\"><div class=\"uagb-ifb-title-wrap\"><h4 class=\"uagb-ifb-title\">Eftirfarandi gjaldskr\u00e1 er lei\u00f0beinandi um \u00fej\u00f3nustugildi fasteignasala nema anna\u00f0 hafi veri\u00f0 umsami\u00f0.\u200b<\/h4><\/div><\/div><\/div>\n\n\n\n<div class=\"wp-block-uagb-separator uagb-block-299ce7b0\"><div class=\"wp-block-uagb-separator__inner\" style=\"--my-background-image:\"><\/div><\/div>\n\n\n\n<div class=\"wp-block-uagb-container uagb-block-3f33577b\">\n<p class=\"has-text-align-left has-ast-global-color-3-color has-ast-global-color-4-background-color has-text-color has-background has-link-color wp-elements-17b4a6cc4ad251ca6cf16b068da33220\" style=\"margin-top:0;margin-right:0;margin-bottom:0;margin-left:0;padding-top:0;padding-right:0;padding-bottom:0;padding-left:0\">Einkasala er 1,95% auk vsk.<\/p>\n\n\n\n<p class=\"has-text-align-left has-ast-global-color-3-color has-text-color has-background has-link-color wp-elements-0d0d48f48f3207e7d287f1dfe11e9f82\" style=\"background-color:#e8b95a6e;margin-top:0;margin-right:0;margin-bottom:0;margin-left:0;padding-top:0;padding-right:0;padding-bottom:0;padding-left:0\">Almenn sala er 2,5% auk vsk.<\/p>\n\n\n\n<p class=\"has-text-align-left has-ast-global-color-3-color has-ast-global-color-4-background-color has-text-color has-background has-link-color wp-elements-7708e207cba0d71fbeeb6b52940f5b97\" style=\"margin-top:0;margin-bottom:0;padding-top:0;padding-right:0;padding-bottom:0;padding-left:0\">Sala sumarh\u00fasa 3% af s\u00f6luver\u00f0i auk vsk.&nbsp;<\/p>\n\n\n\n<p class=\"has-text-align-left has-ast-global-color-3-color has-text-color has-background has-link-color wp-elements-d45eab4d71e1770fb4a41ff3f3780e5f\" style=\"background-color:#8dd2fc38;margin-top:0;margin-right:0;margin-bottom:0;margin-left:0;padding-top:0;padding-right:0;padding-bottom:0;padding-left:0\">Sala f\u00e9laga og atvinnufyrirt\u00e6kja 5% af heildarvir\u00f0i, \u00fe.m.t. birg\u00f0ir, gagna\u00f6flunargjald auk vsk.<\/p>\n\n\n\n<p class=\"has-text-align-left has-ast-global-color-3-color has-ast-global-color-4-background-color has-text-color has-background has-link-color wp-elements-313ca4697595c6f0dfd41909bb8f8dbc\" style=\"margin-top:0;margin-right:0;margin-bottom:0;margin-left:0;padding-top:0;padding-right:0;padding-bottom:0;padding-left:0\">L\u00e1gmarks\u00fe\u00f3knun<strong>&nbsp;<\/strong>er kr. 700.000.- auk vsk og gagna\u00f6flunargjalds.<\/p>\n\n\n\n<p class=\"has-text-align-left has-ast-global-color-3-color has-text-color has-background has-link-color wp-elements-ad9a352ceb6578366fd84764914931c3\" style=\"background-color:#e8b95a6e;margin-top:0;margin-right:0;margin-bottom:0;margin-left:0;padding-top:0;padding-right:0;padding-bottom:0;padding-left:0\">Skjalafr\u00e1gangur er 1% af s\u00f6luver\u00f0i eignar auk vsk. En \u00fe\u00f3 aldrei l\u00e6gri en kr. 650.000.- auk vsk.<\/p>\n\n\n\n<p class=\"has-text-align-left has-ast-global-color-3-color has-ast-global-color-4-background-color has-text-color has-background has-link-color wp-elements-114641a5cd0ee2b2b7517ab6bbb1e190\" style=\"margin-top:0;margin-right:0;margin-bottom:0;margin-left:0;padding-top:0;padding-right:0;padding-bottom:0;padding-left:0\">Makaskipti 1,5% auk vsk.<\/p>\n\n\n\n<p class=\"has-text-align-left has-ast-global-color-3-color has-text-color has-background has-link-color wp-elements-71d0084b0f6ce85c1da45e963dd5e60a\" style=\"background-color:#8dd2fc38;margin-top:0;margin-right:0;margin-bottom:0;margin-left:0;padding-top:0;padding-right:0;padding-bottom:0;padding-left:0\">Gagna\u00f6flunargjald til fasteignas\u00f6lu kr. 84.900.- me\u00f0 vsk.<\/p>\n\n\n\n<p class=\"has-text-align-left has-ast-global-color-3-color has-ast-global-color-4-background-color has-text-color has-background has-link-color wp-elements-e735e5376ab429f4f23c500213bca3c1\" style=\"margin-top:0;margin-right:0;margin-bottom:0;margin-left:0;padding-top:0;padding-right:0;padding-bottom:0;padding-left:0\">Kaupenda\u00fe\u00f3knun til fasteignas\u00f6lu kr. 79.000.- me\u00f0 vsk.<\/p>\n\n\n\n<p class=\"has-text-align-left has-ast-global-color-3-color has-text-color has-background has-link-color wp-elements-656175a734588e15881d3014765d9de5\" style=\"background-color:#e8b95a6e;margin-top:0;margin-right:0;margin-bottom:0;margin-left:0;padding-top:0;padding-right:0;padding-bottom:0;padding-left:0\">Sala \u00e1 bifrei\u00f0um e\u00f0a lausaf\u00e9 3% auk vsk, l\u00e1gmarks\u00fe\u00f3knun er \u00fe\u00f3 aldrei l\u00e6gri en kr. 100.000,- auk vsk.<\/p>\n\n\n\n<p class=\"has-text-align-left has-ast-global-color-3-color has-ast-global-color-4-background-color has-text-color has-background has-link-color wp-elements-9077f2b1b49dbf5c9611fdc0ddd4656b\" style=\"margin-top:0;margin-right:0;margin-bottom:0;margin-left:0;padding-top:0;padding-right:0;padding-bottom:0;padding-left:0\">Skriflegt ver\u00f0mat \u00edb\u00fa\u00f0arh\u00fasn\u00e6\u00f0is kr. 55.000,- me\u00f0 vsk<\/p>\n\n\n\n<p class=\"has-text-align-left has-ast-global-color-3-color has-text-color has-background has-link-color wp-elements-b880e599e1ab7abc0c24699bd6fe1aaf\" style=\"background-color:#8dd2fc38;margin-top:0;margin-right:0;margin-bottom:0;margin-left:0;padding-top:0;padding-right:0;padding-bottom:0;padding-left:0\">Skriflegt ver\u00f0mat atvinnu- og i\u00f0na\u00f0arh\u00fasn\u00e6\u00f0is kr. 125.000,- me\u00f0 vsk.<\/p>\n\n\n\n<div class=\"wp-block-uagb-separator uagb-block-8f2cbfc8\"><div class=\"wp-block-uagb-separator__inner\" style=\"--my-background-image:\"><\/div><\/div>\n\n\n\n<p class=\"has-text-align-left has-ast-global-color-3-color has-ast-global-color-4-background-color has-text-color has-background has-link-color wp-elements-4cf5be9e12a89456cd84624ed85082da\" style=\"margin-top:0;margin-right:0;margin-bottom:0;margin-left:0;padding-top:0;padding-right:0;padding-bottom:0;padding-left:0\">Hugtaki\u00f0 skjalafr\u00e1gangur er \u00e1tt vi\u00f0 a\u00f0 fasteignasalan annist fr\u00e1gang kaupsamnings, afsals og annarra skjala sem \u00feurfa ber,<\/p>\n\n\n\n<p class=\"has-text-align-left has-ast-global-color-3-color has-text-color has-background has-link-color wp-elements-d27443e594894bbf6c50dcd65ebda5a5\" style=\"background-color:#8dd2fc38;margin-top:0;margin-right:0;margin-bottom:0;margin-left:0;padding-top:0;padding-right:var(--wp--preset--spacing--30);padding-bottom:0;padding-left:var(--wp--preset--spacing--30);font-size:17px\">enda liggi fyrir samkomulag milli kaupanda og seljanda um ver\u00f0, grei\u00f0slukj\u00f6r og afhendingu fasteignarinnar.<\/p>\n\n\n\n<p class=\"has-text-align-left has-ast-global-color-3-color has-ast-global-color-4-background-color has-text-color has-background has-link-color wp-elements-5d5b9063262a7b7a13663f924717fd2a\" style=\"margin-top:0;margin-right:0;margin-bottom:0;margin-left:0;padding-top:0;padding-right:0;padding-bottom:0;padding-left:0;font-size:17px\">Stimpilgjald sem kaupandi grei\u00f0ir til s\u00fdslumanns mi\u00f0ast vi\u00f0 fasteignamat.<\/p>\n\n\n\n<p class=\"has-text-align-left has-ast-global-color-3-color has-text-color has-background has-link-color wp-elements-9c4c091ef39ada501fc980f3ee4d31bd\" style=\"background-color:#8dd2fc38;margin-top:0;margin-right:0;margin-bottom:0;margin-left:0;padding-top:0;padding-right:0;padding-bottom:0;padding-left:0;font-size:17px\">\u00deeir kaupendur sem eru a\u00f0 kaupa \u00ed fyrsta skipti grei\u00f0a 0,4% af fasteignamati eignarinnar.<\/p>\n\n\n\n<p class=\"has-text-align-left has-ast-global-color-3-color has-ast-global-color-4-background-color has-text-color has-background has-link-color wp-elements-674eec3ce8aab2d115b7ba493ffdcc38\" style=\"margin-top:0;margin-right:0;margin-bottom:0;margin-left:0;padding-top:0;padding-right:0;padding-bottom:0;padding-left:0;font-size:17px\">A\u00f0rir kaupendur grei\u00f0a 0,8% og Fyrirt\u00e6ki grei\u00f0a 1,6% af fasteignamati.<\/p>\n<\/div>\n\n\n\n<div class=\"wp-block-uagb-separator uagb-block-98eec0bc\"><div class=\"wp-block-uagb-separator__inner\" style=\"--my-background-image:\"><\/div><\/div>\n<\/div><\/div>\n\n\n\n<div class=\"wp-block-uagb-container uagb-block-2233cea6 alignfull uagb-is-root-container\"><div class=\"uagb-container-inner-blocks-wrap\">\n<div class=\"wp-block-uagb-icon-list uagb-block-4f4ffc1f\"><div class=\"uagb-icon-list__wrap\">\n<div class=\"wp-block-uagb-icon-list-child uagb-block-4e84dbde\"><span class=\"uagb-icon-list__source-wrap\"><svg xmlns=\"https:\/\/www.w3.org\/2000\/svg\" viewBox=\"0 0 384 512\"><path d=\"M320 0H64C37.5 0 16 21.5 16 48v416C16 490.5 37.5 512 64 512h256c26.5 0 48-21.5 48-48v-416C368 21.5 346.5 0 320 0zM240 447.1C240 456.8 232.8 464 224 464H159.1C151.2 464 144 456.8 144 448S151.2 432 160 432h64C232.8 432 240 439.2 240 447.1zM304 384h-224V64h224V384z\"><\/path><\/svg><\/span><span class=\"uagb-icon-list__label\">+354 555 4444<\/span><\/div>\n<\/div><\/div>\n\n\n\n<div class=\"wp-block-uagb-info-box uagb-block-79017b13 uagb-infobox__content-wrap  uagb-infobox-icon-above-title uagb-infobox-image-valign-top\"><div class=\"uagb-ifb-content\"><div class=\"uagb-ifb-title-wrap\"><h2 class=\"uagb-ifb-title\">Ertu \u00ed leit a\u00f0 fasteign\u200b<\/h2><\/div><div class=\"uagb-ifb-separator\"><\/div><p class=\"uagb-ifb-desc\">PlanBee leggur mikinn metna\u00f0 \u00ed a\u00f0 hafa h\u00e1tt \u00fej\u00f3nustustig, ferska s\u00f6luskr\u00e1 og sanngjarna gjaldskr\u00e1. Hvort sem er ef \u00feig vantar a\u00f0 selja e\u00f0a kaupa eign \u00fe\u00e1 erum vi\u00f0, til \u00fej\u00f3nustu rei\u00f0ub\u00fainn.<\/p><\/div><\/div>\n\n\n\n<div class=\"wp-block-uagb-buttons uagb-buttons__outer-wrap uagb-btn__default-btn uagb-btn-tablet__default-btn uagb-btn-mobile__default-btn uagb-block-60a1c0ac\"><div class=\"uagb-buttons__wrap uagb-buttons-layout-wrap \">\n<div class=\"wp-block-uagb-buttons-child uagb-buttons__outer-wrap uagb-block-e8b2cacb wp-block-button\"><div class=\"uagb-button__wrapper\"><a class=\"uagb-buttons-repeater wp-block-button__link\" aria-label=\"\" href=\"https:\/\/volva.geirdal.is\/?page_id=12\" rel=\"follow noopener\" target=\"_self\" role=\"button\"><div class=\"uagb-button__link\">Hafa samband<\/div><\/a><\/div><\/div>\n<\/div><\/div>\n<\/div><\/div>\n<\/div><\/div>\n","protected":false},"excerpt":{"rendered":"<p>Gjaldskr\u00e1 Einkasala er 1,95% auk vsk. Almenn sala er 2,5% auk vsk. Sala sumarh\u00fasa 3% af s\u00f6luver\u00f0i auk vsk.&nbsp; Sala f\u00e9laga og atvinnufyrirt\u00e6kja 5% af heildarvir\u00f0i, \u00fe.m.t. birg\u00f0ir, gagna\u00f6flunargjald auk vsk. L\u00e1gmarks\u00fe\u00f3knun&nbsp;er kr. 700.000.- auk vsk og gagna\u00f6flunargjalds. Skjalafr\u00e1gangur er 1% af s\u00f6luver\u00f0i eignar auk vsk. En \u00fe\u00f3 aldrei l\u00e6gri en kr. 650.000.- auk vsk. [&hellip;]<\/p>\n","protected":false},"author":1,"featured_media":0,"parent":0,"menu_order":0,"comment_status":"closed","ping_status":"closed","template":"","meta":{"_uag_custom_page_level_css":"","site-sidebar-layout":"default","site-content-layout":"","ast-site-content-layout":"default","site-content-style":"default","site-sidebar-style":"default","ast-global-header-display":"","ast-banner-title-visibility":"","ast-main-header-display":"","ast-hfb-above-header-display":"","ast-hfb-below-header-display":"","ast-hfb-mobile-header-display":"","site-post-title":"disabled","ast-breadcrumbs-content":"","ast-featured-img":"","footer-sml-layout":"","theme-transparent-header-meta":"enabled","adv-header-id-meta":"","stick-header-meta":"","header-above-stick-meta":"","header-main-stick-meta":"","header-below-stick-meta":"","astra-migrate-meta-layouts":"set","ast-page-background-enabled":"default","ast-page-background-meta":{"desktop":{"background-color":"var(--ast-global-color-4)","background-image":"","background-repeat":"repeat","background-position":"center center","background-size":"auto","background-attachment":"scroll","background-type":"","background-media":"","overlay-type":"","overlay-color":"","overlay-opacity":"","overlay-gradient":""},"tablet":{"background-color":"","background-image":"","background-repeat":"repeat","background-position":"center center","background-size":"auto","background-attachment":"scroll","background-type":"","background-media":"","overlay-type":"","overlay-color":"","overlay-opacity":"","overlay-gradient":""},"mobile":{"background-color":"","background-image":"","background-repeat":"repeat","background-position":"center center","background-size":"auto","background-attachment":"scroll","background-type":"","background-media":"","overlay-type":"","overlay-color":"","overlay-opacity":"","overlay-gradient":""}},"ast-content-background-meta":{"desktop":{"background-color":"var(--ast-global-color-5)","background-image":"","background-repeat":"repeat","background-position":"center center","background-size":"auto","background-attachment":"scroll","background-type":"","background-media":"","overlay-type":"","overlay-color":"","overlay-opacity":"","overlay-gradient":""},"tablet":{"background-color":"var(--ast-global-color-5)","background-image":"","background-repeat":"repeat","background-position":"center center","background-size":"auto","background-attachment":"scroll","background-type":"","background-media":"","overlay-type":"","overlay-color":"","overlay-opacity":"","overlay-gradient":""},"mobile":{"background-color":"var(--ast-global-color-5)","background-image":"","background-repeat":"repeat","background-position":"center center","background-size":"auto","background-attachment":"scroll","background-type":"","background-media":"","overlay-type":"","overlay-color":"","overlay-opacity":"","overlay-gradient":""}},"footnotes":""},"class_list":["post-406","page","type-page","status-publish","hentry"],"uagb_featured_image_src":{"full":false,"thumbnail":false,"medium":false,"medium_large":false,"large":false,"1536x1536":false,"2048x2048":false},"uagb_author_info":{"display_name":"tobi","author_link":"https:\/\/volva.geirdal.is\/?author=1"},"uagb_comment_info":0,"uagb_excerpt":"Gjaldskr\u00e1 Einkasala er 1,95% auk vsk. Almenn sala er 2,5% auk vsk. Sala sumarh\u00fasa 3% af s\u00f6luver\u00f0i auk vsk.&nbsp; Sala f\u00e9laga og atvinnufyrirt\u00e6kja 5% af heildarvir\u00f0i, \u00fe.m.t. birg\u00f0ir, gagna\u00f6flunargjald auk vsk. L\u00e1gmarks\u00fe\u00f3knun&nbsp;er kr. 700.000.- auk vsk og gagna\u00f6flunargjalds. Skjalafr\u00e1gangur er 1% af s\u00f6luver\u00f0i eignar auk vsk. En \u00fe\u00f3 aldrei l\u00e6gri en kr. 650.000.- auk vsk.&hellip;","_links":{"self":[{"href":"https:\/\/volva.geirdal.is\/index.php?rest_route=\/wp\/v2\/pages\/406","targetHints":{"allow":["GET"]}}],"collection":[{"href":"https:\/\/volva.geirdal.is\/index.php?rest_route=\/wp\/v2\/pages"}],"about":[{"href":"https:\/\/volva.geirdal.is\/index.php?rest_route=\/wp\/v2\/types\/page"}],"author":[{"embeddable":true,"href":"https:\/\/volva.geirdal.is\/index.php?rest_route=\/wp\/v2\/users\/1"}],"replies":[{"embeddable":true,"href":"https:\/\/volva.geirdal.is\/index.php?rest_route=%2Fwp%2Fv2%2Fcomments&post=406"}],"version-history":[{"count":15,"href":"https:\/\/volva.geirdal.is\/index.php?rest_route=\/wp\/v2\/pages\/406\/revisions"}],"predecessor-version":[{"id":1378,"href":"https:\/\/volva.geirdal.is\/index.php?rest_route=\/wp\/v2\/pages\/406\/revisions\/1378"}],"wp:attachment":[{"href":"https:\/\/volva.geirdal.is\/index.php?rest_route=%2Fwp%2Fv2%2Fmedia&parent=406"}],"curies":[{"name":"wp","href":"https:\/\/api.w.org\/{rel}","templated":true}]}}